11 + 22)) + 6
-4
What is the value of 0 + (9 - 2) - 13 - 10?
-16
What is the value of (-795 - -790) + -18 + 1?
-22
-4 + (-9 - -17 - 9) + 21 - -3
19
Evaluate -25 - (4 + -6) - -36.
13
What is the value of 12 - (-18 + 14) - 11?
5
What is 12 + -4 + -12 - (-1 + (8 - 0))?
-11
-6 - -16 - (-4 + 3 - -11)
0
(-4 - -2) + 7 + -8 - -2
-1
What is 2 + 2 + 2 - (25 - (-21 + 55))?
15
Calculate -1315 - -1350 - (-1 - -20).
16
0 + 11 - (-36 - (-7 + -32))
8
Calculate (3 + -7 - -7) + (-9 - -2) + -24.
-28
Calculate (-12 - -4 - (-2 - 3 - -29)) + 9.
-23
What is the value of 7 + -10 + 8 + -1?
4
Evaluate -2 + (1 - -7) - (18 + -22).
10
Calculate -4 + 14 + 7 + -8.
9
Evaluate (-9 - (12 + 8)) + 7.
-22
Calculate 1 + -25 - (-8 - ((-6 - -9) + -3)).
-16
Evaluate (-2 - -6 - 4) + 9 - 16.
-7
Calculate (-4 - (7 + -1)) + -1.
-11
-5 - (-12 - -4) - -5 - 13 - 9
-14
Calculate -30 - -22 - (-17 - (0 + 2)).
11
Evaluate -3 + 0 - (-97 - -76).
18
5 + 1 + -8 + 3 + (-17 - -10)
-6
Evaluate (18 - (-1 - -5)) + 18 + -52.
-20
Evaluate -14 - (12 + (-10 - 12)) - -5.
1
Evaluate -10 + (-26 - -17) + 24.
5
Calculate 15 + (39 - 35 - -10).
29
Calculate (-69 - -51) + 12 + (-1 - 2).
-9
Calculate (-10 - (-3 - 4)) + 2 + -4 + 5.
0
10 + 0 - (62 - 39 - 29)
16
Calculate (-8 - (-1 - -3)) + (-96 - -93).
-13
What is the value of 27 + -1 - 6 - 39?
-19
What is (-54 - -51) + -2 + (1 - (-2 + 1))?
-3
(11 - 29) + 26 - 23
-15
Calculate -5 + 1 + (15 - 12 - 6).
-7
What is 4 - (-43 - (-2 + -38))?
7
Evaluate 275 + -261 - (3 - 25).
36
What is the value of 2 - ((-3 - (-5 - (-6 + -2))) + -3)?
11
What is -18 + 9 + (10 - -5)?
6
What is ((-3 - 0) + 3 - (-35 + 35)) + 18?
18
What is the value of 32 + (-72 - (9 - 29))?
-20
2 - ((5 - -1) + -4)
0
Evaluate -16 - (16 - (29 + -38)).
-41
What is the value of -291 - -295 - ((-1 - 7) + 2)?
10
Calculate 17 - (-58 - -21 - -68).
-14
Calculate -22 - -15 - (6 + (0 - -2)).
-15
Evaluate -29 + (87 - 82 - (-3 - 2)).
-19
What is the value of (-11 - (8 + -5 - 2)) + 5 + -2?
-9
What is the value of (10 + -10 - -1) + 12 + -1 + -3?
9
What is the value of (-4 - 2) + -6 + 7?
-5
What is the value of -12 + (40 - -14 - 41)?
1
-24 - (-17 + -18 + 21)
-10
16 - (0 + (5 + -8 - -7))
12
What is the value of -10 + (20 - 6) + -13?
-9
Evaluate 1 + (1 - (3 - (9 - 13))).
-5
Calculate (-3 + 3 - 0) + -7 + 13 + -7.
-1
What is (3 - 2 - 0) + (-47 - -57)?
11
-19 - (-17 + (12 - -3))
-17
What is the value of -3 + 3 + 3 + (-2 - (-9 + 3))?
7
Calculate (11 - 64) + 52 + (-1 - -15).
13
Evaluate 34 + -28 + (-3 - -18).
21
Evaluate -11 + (1 - 12 - 0 - (239 - 241)).
-20
-3 + (-11 - (-9 - 1)) - -19
15
What is (3 - (-18 - -10 - (-2 - 14))) + -11?
-16
Calculate 19 + (-43 - -27) + (-1 - 5).
-3
243 + -217 - (42 - 1)
-15
Calculate -21 - (86 + -83 + (-1 - 3) + -3).
-17
Calculate -3 + 6 + (0 - (9 - 2)).
-4
Calculate -4 - -8 - -10 - (8 - 0).
6
What is (5 - (-1 + -5) - (19 + -10)) + 17?
19
What is the value of -3 + (15 - 2 - (-10 - -6) - -12)?
26
Evaluate -49 + (32 - 64 - -69).
-12
Calculate -2 + -4 - ((0 - 0) + (-22 - -25)).
-9
What is 3 - (4 - (-19 - -21)) - (0 - -18)?
-17
Evaluate (8 - 5) + (-1 - 4) + (-2 - -9).
5
-1 + 1 - (15 + 8 - 21)
-2
12 + 19 - 17 - (1 - 0)
13
What is -8 + -18 + (18 - 14) + -2?
-24
Calculate 24 - (33 - 4) - -1.
-4
What is -18 + (6 + 2 - (2 - 0)) - -5?
-7
Evaluate -146 + 141 - (3 + -7 - -5).
-6
Calculate -7 - (-11 - (-19 - -13) - (2 - -11)).
11
Evaluate (17 + 1 - 3) + -13.
2
13 + (18 - 50) + 2
-17
What is the value of 13 + (14 - 5 - 10 - (4 - -2))?
6
Evaluate 3 + -2 + -2 - (-12 + 29).
-18
Calculate -7 - (-3 + (25 - 3) + 13 + -15).
-24
Calculate (-6 - -12) + -35 - (-9 + 4).
-24
Evaluate -15 - -20 - (9 + -5 + 3).
-2
Evaluate 11 - (-9 - (-11 + -4)).
5
Evaluate (-6 + 13 - 15) + 2 + -13 + 3.
-16
Calculate -4 + 2 - -14 - 5.
7
Evaluate 13 + -4 + 11 + -26.
-6
What is -13 + (-19 + (7 - -1) - -9 - -9)?
-6
Evaluate (1 + -31 - -6) + -29 + 35.
-18
-2 + -1 - ((-17 - -36) + -3)
-19
Calculate 26 - (0 - (-58 - -32)).
0
-1 + -5 + (8 + -2 - 1)
-1
-242 + 229 + (0 - -8)
-5
Calculate (-50 - -60) + 2 + -36.
-24
4 + -16 - (147 + -179)
20
Evaluate (-18 - -30) + -19 - -4.
-3
Evaluate -32 + 20 + 8 + 26.
22
Evaluate (-29 - -24 - (-8 + -2)) + 5.
10
Calculate -7 + 19 - 19 - (0 + 0).
-7
Evaluate -5 + (1 - 8) + (8 - 21) + 7.
-18
Evaluate -325 - -353 - (-6 - 0 - (-3 + 3)).
34
What is 2 + -11 + 6 + 3 - -3?
3
Evaluate -18 - (15 - (15 + -10)) - -10.
-18
Evaluate (4 - (-5 - -30)) + (30 - 23).
-14
-19 + 1 - (67 - 79)
-6
What is (0 - 3) + -90 + 90 + -20?
-23
Evaluate (-4 - (-22 + 17)) + 8 + 0 + 0.
9
8 - (0 - -5) - 2
1
What is -43 + 43 - (18 - (-5 - -7))?
-16
What is 6 + -1 - (2 + (13 - 28) + 15)?
3
(-75 - -79) + (-17 - 0)
-13
What is the value of -12 + (18 - 10) + 1?
-3
Calculate (0 - -9) + -11 + (0 - 0) + -6.
-8
Evaluate 20 - -8 - -3 - (11 + -1).
21
Calculate 4 + -15 + (34 - 7) + -11.
5
What is 3 - 2 - ((-1 - (-13 + 20)) + -6)?
15
What is the value of -12 + 11 - (5 - -1) - (-1 - 13)?
7
Calculate -1 + -1 - (5 - (21 - 22)).
-8
What is -33 + 3 - -16 - -25?
11
Evaluate (20 - -11) + 11 + (-15 - 0).
27
Calculate (-20 - -26) + (2 - 4 - -16).
20
What is -5 + 4 + (7 + -6 - (4 + 0))?
-4
Evaluate -3 - (-14 - -13 - (-9 - -2)).
-9
What is the value of -1 - -2 - (-5 - (-14 + -3))?
-11
(15 + 3 + -4 - 4) + 1 - -3
14
What is -12 + -2 - (-3 + 0) - 4?
-15
What is 52 - (38 + 25 + -36)?
25
9 - (19 + -9 - -11 - -4)
-16
15 - (-14 + 49 + -33)
13
What is (115 - 112) + (-7 - (1 + 0))?
-5
Evaluate -6 - (1 + -3 + (-5 - 0) + 11).
-10
What is -13 + (7 - -16) - 23?
-13
What is -7 + (3 - 2) - (-3 - 0 - 1)?
-2
What is 3 + (-1 - -2 - 16) + 5?
-7
Evaluate (-3 - (12 + -12 + -4)) + -3 + -1.
-3
Calculate 2 + 4 + (-42 - -19) + -5.
-22
(4 - (-5 - -6) - 2) + -3
-2
What is the value of 44 + -27 + -21 - (-1 + 12)?
-15
What is the value of -1 + 0 + -3 + 43 + 8 + -60?
-13
Evaluate 0 + 11 + -1 + -5 + 9 + -8.
6
What is the value of 10 + 2 + -11 + -7?
-6
Evaluate -48 - -56 - (-1 + 8).
1
What is the value of (-8 - -16) + -2 + -5?
1
What is -3 + 1 + 6 + (3 - 7)?
0
Calculate -39 + (26 - (16 - 11)).
-18
Calculate 17 - ((-15 - -10) + 11).
11
What is (13 - (-10 - -5)) + -2 + (8 - 13)?
11
0 + 6 + 11 + -4 - 9
4
-20 - (293 + -301 - (-4 - 0 - 1))
-17
9 + 18 + -3 + (-25 - -20) + -2
17
Evaluate -8 + (7 - 3) + (5 - 20).
-19
Evaluate -2 - (-15 - -3) - (-11 - -17) - 15.
-11
What is the value of 4 + -12 + 27 + (-29 - -3)?
-7
(33 - 33) + 12 - (2 + 5)
5
What is the value of (0 + 2 - -1 - 3) + 80 + -85?
-5
Evaluate 66 - 63 - (22 - 2).
-17
What is (0 - 10) + -1049 + 1052?
-7
Calculate (-12 - -6 - (-4 - 6)) + -6 + 34.
32
Evaluate -9 + -5 + 0 + 25 + 3.
14
What is 23 + (-26 - -54 - 61)?
-10
-60 - -76 - (2 - 5 - (-3 - 2))
14
Calculate -25 - -1 - (0 + -12 + -30 + 35).
-17
Evaluate (4 - (-2 - -9) - -13) + -10.
0
What is the value of (-7 - (-3 - -1)) + 1 + 4?
0
Calculate -11 - (1 - (-8 + (0 - (-10 - 7)))).
-3
What is the value of -3 + 18 + -16 - -1?
0
Calculate 63 - -6 - 34 - 15.
20
-43 + (22 - 6) + 5
-22
Calculate (8 - (-1 - -1)) + (27 - 20).
15
-12 + (-3 + -2 - 2) + -6
-25
Evaluate -34 - (10 - 69 - -2).
23
What is 54 - 15 - 7 - 20?
12
Evaluate -13 + (-6 - (4 - (20 + -4))) + 17.
10
Calculate 3 - (-57 + 10) - 22.
28
Calculate 0 + -32 - (27 + -54).
-5
What is 30 - (30 + 1) - (0 + -6)?
5
What is 13 + 3 - (95 + -70)?
-9
What is -9 + (-6 - -3 - (-2 - -3 - 0))?
-13
Evaluate -10 + (-5 - -8) - (-26 - -31).
-12
Evaluate (31 - 90) + 31 - -21.
-7
Evaluate (1 - 14) + 80 + -81 - -20.
6
(-24 + 5 - -4 - -6) + -4 - 4
-17
4 + -1 + 7 + -17
-7
Calculate -21 + 20 + -1 + 1 + 6 + -1.
4
Calculate (-3 - 0 - 1) + (5 - (3 - -1)).
-3
-17 + (35 + -9 - 14)
-5
Calculate 10 - (-7 + 6 + (-20 - -7)).
24
What is 10 + (10 - 24 - 14)?
-18
What is -4 + (4 - -2) + (15 - 14)?
3
Evaluate 30 - (27 - (-31 + 19)).
-9
Calculate (42 - 28) + -7 - (-1 + (0 - -43)).
-35
What is the value of -5 - 0 - (-204 + 191 - (1 - 10))?
-1
Calculate (-7 + -1 - -11) + -1 + -16.
-14
-5 - (-5 - (9 + -5))
4
Calculate (42 + -48 - -9) + 7.
10
What is the value of -50 + 4 - (-177 - -159)?
-28
What is (1 + -7 - (-225 - -219)) + -3?
-3
What is 2 + -2 + 3 - (3 - 1)?
1
Calculate 1 + 1 + 8 + (-1548 - -1555).
17
Evaluate -15 + 13 + 1 + 83 + -86.
-4
What is the value of -2 + -3 + (0 - -5)?
0
What is the value of 8 + (-1 - (3 - -6)) + 3?
1
What is the value of 15 + -21 - (-4 - -16)?
-18
Calculate -13 + 16 + -3 